{"id":1206,"date":"2023-11-07T16:41:50","date_gmt":"2023-11-07T16:41:50","guid":{"rendered":"https:\/\/projetosdre.madeira.gov.pt\/pbaudeleitura\/?page_id=1206"},"modified":"2023-11-08T11:00:28","modified_gmt":"2023-11-08T11:00:28","slug":"outras-atividades","status":"publish","type":"page","link":"https:\/\/projetosdre.madeira.gov.pt\/pbaudeleitura\/outras-atividades\/","title":{"rendered":"Outras Atividades"},"content":{"rendered":"\t\t<div data-elementor-type=\"wp-page\" data-elementor-id=\"1206\" class=\"elementor elementor-1206\">\n\t\t\t\t\t\t<section class=\"elementor-section elementor-top-section elementor-element elementor-element-4b6070c elementor-section-boxed elementor-section-height-default elementor-section-height-default\" data-id=\"4b6070c\" data-element_type=\"section\" data-e-type=\"section\" data-settings=\"{&quot;background_background&quot;:&quot;classic&quot;}\">\n\t\t\t\t\t\t\t<div class=\"elementor-background-overlay\"><\/div>\n\t\t\t\t\t\t\t<div class=\"elementor-container elementor-column-gap-no\">\n\t\t\t\t\t<div class=\"elementor-column elementor-col-100 elementor-top-column elementor-element elementor-element-262ef4f\" data-id=\"262ef4f\" data-element_type=\"column\" data-e-type=\"column\">\n\t\t\t<div class=\"elementor-widget-wrap elementor-element-populated\">\n\t\t\t\t\t\t<div class=\"elementor-element elementor-element-b2e5bfb elementor-widget elementor-widget-heading\" data-id=\"b2e5bfb\" data-element_type=\"widget\" data-e-type=\"widget\" data-widget_type=\"heading.default\">\n\t\t\t\t<div class=\"elementor-widget-container\">\n\t\t\t\t\t<h1 class=\"elementor-heading-title elementor-size-default\">Outras Atividades<\/h1>\t\t\t\t<\/div>\n\t\t\t\t<\/div>\n\t\t\t\t<div class=\"elementor-element elementor-element-fd7cb4d elementor-widget elementor-widget-text-editor\" data-id=\"fd7cb4d\" data-element_type=\"widget\" data-e-type=\"widget\" data-widget_type=\"text-editor.default\">\n\t\t\t\t<div class=\"elementor-widget-container\">\n\t\t\t\t\t\t\t\t\t<p><span style=\"color: #999999;\">Para saber mais, contacte a equipa coordenadora<\/span><\/p>\t\t\t\t\t\t\t\t<\/div>\n\t\t\t\t<\/div>\n\t\t\t\t\t<\/div>\n\t\t<\/div>\n\t\t\t\t\t<\/div>\n\t\t<\/section>\n\t\t\t\t<section class=\"elementor-section elementor-top-section elementor-element elementor-element-86b18b2 elementor-section-boxed elementor-section-height-default elementor-section-height-default\" data-id=\"86b18b2\" data-element_type=\"section\" data-e-type=\"section\">\n\t\t\t\t\t\t\t<div class=\"elementor-background-overlay\"><\/div>\n\t\t\t\t\t\t\t<div class=\"elementor-container elementor-column-gap-no\">\n\t\t\t\t\t<div class=\"elementor-column elementor-col-100 elementor-top-column elementor-element elementor-element-d11babf\" data-id=\"d11babf\" data-element_type=\"column\" data-e-type=\"column\">\n\t\t\t<div class=\"elementor-widget-wrap elementor-element-populated\">\n\t\t\t\t\t\t<div class=\"elementor-element elementor-element-66f495a elementor-widget elementor-widget-text-editor\" data-id=\"66f495a\" data-element_type=\"widget\" data-e-type=\"widget\" data-widget_type=\"text-editor.default\">\n\t\t\t\t<div class=\"elementor-widget-container\">\n\t\t\t\t\t\t\t\t\t<ul><li>Campanha &#8220;Traga um livro para o ba\u00fa&#8221; &#8211; 2.\u00ba e 3.\u00ba ciclos do ensino b\u00e1sico e secund\u00e1rio;<\/li><li>Comemora\u00e7\u00e3o de efem\u00e9rides &#8211; Todos os n\u00edveis de ensino;<\/li><li>Concurso de declama\u00e7\u00e3o de poesia &#8211; 2.\u00ba e 3.\u00ba ciclos do ensino b\u00e1sico e secund\u00e1rio;<\/li><li>Concurso de leitura &#8211; 2.\u00ba e 3.\u00ba ciclos do ensino b\u00e1sico e secund\u00e1rio;<\/li><li>Concurso de soletra\u00e7\u00e3o &#8211; 2.\u00ba e 3.\u00ba ciclos do ensino b\u00e1sico e secund\u00e1rio;<\/li><li>Dinamiza\u00e7\u00e3o escolar dos livros dos ba\u00fas &#8211; Todos os n\u00edveis de ensino;<\/li><li>Nas Asas do G\u00e9nio Madeirense &#8211; 2.\u00ba e 3.\u00ba ciclos do ensino b\u00e1sico e secund\u00e1rio;<\/li><li>Passatempo Trimestral &#8211; anima\u00e7\u00e3o da leitura de obras selecionadas &#8211; 1.\u00ba ciclo\/PE;<\/li><li>Roteiros liter\u00e1rios.<\/li><\/ul>\t\t\t\t\t\t\t\t<\/div>\n\t\t\t\t<\/div>\n\t\t\t\t\t<\/div>\n\t\t<\/div>\n\t\t\t\t\t<\/div>\n\t\t<\/section>\n\t\t\t\t<\/div>\n\t\t","protected":false},"excerpt":{"rendered":"<p>Outras Atividades Para saber mais, contacte a equipa coordenadora Campanha &#8220;Traga um livro para o ba\u00fa&#8221; &#8211; 2.\u00ba e 3.\u00ba ciclos do ensino b\u00e1sico e secund\u00e1rio; Comemora\u00e7\u00e3o de efem\u00e9rides &#8211; Todos os n\u00edveis de ensino; Concurso de declama\u00e7\u00e3o de poesia &#8211; 2.\u00ba e 3.\u00ba ciclos do ensino b\u00e1sico e secund\u00e1rio; Concurso de leitura &#8211; 2.\u00ba [&hellip;]<\/p>\n","protected":false},"author":7,"featured_media":0,"parent":0,"menu_order":0,"comment_status":"closed","ping_status":"closed","template":"","meta":{"_uag_custom_page_level_css":"","site-sidebar-layout":"no-sidebar","site-content-layout":"page-builder","ast-site-content-layout":"full-width-container","site-content-style":"default","site-sidebar-style":"default","ast-global-header-display":"","ast-banner-title-visibility":"","ast-main-header-display":"","ast-hfb-above-header-display":"","ast-hfb-below-header-display":"","ast-hfb-mobile-header-display":"","site-post-title":"disabled","ast-breadcrumbs-content":"","ast-featured-img":"disabled","footer-sml-layout":"","ast-disable-related-posts":"","theme-transparent-header-meta":"","adv-header-id-meta":"","stick-header-meta":"","header-above-stick-meta":"","header-main-stick-meta":"","header-below-stick-meta":"","astra-migrate-meta-layouts":"set","ast-page-background-enabled":"default","ast-page-background-meta":{"desktop":{"background-color":"","background-image":"","background-repeat":"repeat","background-position":"center center","background-size":"auto","background-attachment":"scroll","background-type":"","background-media":"","overlay-type":"","overlay-color":"","overlay-opacity":"","overlay-gradient":""},"tablet":{"background-color":"","background-image":"","background-repeat":"repeat","background-position":"center center","background-size":"auto","background-attachment":"scroll","background-type":"","background-media":"","overlay-type":"","overlay-color":"","overlay-opacity":"","overlay-gradient":""},"mobile":{"background-color":"","background-image":"","background-repeat":"repeat","background-position":"center center","background-size":"auto","background-attachment":"scroll","background-type":"","background-media":"","overlay-type":"","overlay-color":"","overlay-opacity":"","overlay-gradient":""}},"ast-content-background-meta":{"desktop":{"background-color":"var(--ast-global-color-5)","background-image":"","background-repeat":"repeat","background-position":"center center","background-size":"auto","background-attachment":"scroll","background-type":"","background-media":"","overlay-type":"","overlay-color":"","overlay-opacity":"","overlay-gradient":""},"tablet":{"background-color":"var(--ast-global-color-5)","background-image":"","background-repeat":"repeat","background-position":"center center","background-size":"auto","background-attachment":"scroll","background-type":"","background-media":"","overlay-type":"","overlay-color":"","overlay-opacity":"","overlay-gradient":""},"mobile":{"background-color":"var(--ast-global-color-5)","background-image":"","background-repeat":"repeat","background-position":"center center","background-size":"auto","background-attachment":"scroll","background-type":"","background-media":"","overlay-type":"","overlay-color":"","overlay-opacity":"","overlay-gradient":""}},"_themeisle_gutenberg_block_has_review":false,"footnotes":""},"class_list":["post-1206","page","type-page","status-publish","hentry"],"uagb_featured_image_src":{"full":false,"thumbnail":false,"medium":false,"medium_large":false,"large":false,"1536x1536":false,"2048x2048":false},"uagb_author_info":{"display_name":"paulogouveia","author_link":"https:\/\/projetosdre.madeira.gov.pt\/pbaudeleitura\/author\/paulogouveia\/"},"uagb_comment_info":0,"uagb_excerpt":"Outras Atividades Para saber mais, contacte a equipa coordenadora Campanha &#8220;Traga um livro para o ba\u00fa&#8221; &#8211; 2.\u00ba e 3.\u00ba ciclos do ensino b\u00e1sico e secund\u00e1rio; Comemora\u00e7\u00e3o de efem\u00e9rides &#8211; Todos os n\u00edveis de ensino; Concurso de declama\u00e7\u00e3o de poesia &#8211; 2.\u00ba e 3.\u00ba ciclos do ensino b\u00e1sico e secund\u00e1rio; Concurso de leitura &#8211; 2.\u00ba&hellip;","_links":{"self":[{"href":"https:\/\/projetosdre.madeira.gov.pt\/pbaudeleitura\/wp-json\/wp\/v2\/pages\/1206","targetHints":{"allow":["GET"]}}],"collection":[{"href":"https:\/\/projetosdre.madeira.gov.pt\/pbaudeleitura\/wp-json\/wp\/v2\/pages"}],"about":[{"href":"https:\/\/projetosdre.madeira.gov.pt\/pbaudeleitura\/wp-json\/wp\/v2\/types\/page"}],"author":[{"embeddable":true,"href":"https:\/\/projetosdre.madeira.gov.pt\/pbaudeleitura\/wp-json\/wp\/v2\/users\/7"}],"replies":[{"embeddable":true,"href":"https:\/\/projetosdre.madeira.gov.pt\/pbaudeleitura\/wp-json\/wp\/v2\/comments?post=1206"}],"version-history":[{"count":19,"href":"https:\/\/projetosdre.madeira.gov.pt\/pbaudeleitura\/wp-json\/wp\/v2\/pages\/1206\/revisions"}],"predecessor-version":[{"id":1456,"href":"https:\/\/projetosdre.madeira.gov.pt\/pbaudeleitura\/wp-json\/wp\/v2\/pages\/1206\/revisions\/1456"}],"wp:attachment":[{"href":"https:\/\/projetosdre.madeira.gov.pt\/pbaudeleitura\/wp-json\/wp\/v2\/media?parent=1206"}],"curies":[{"name":"wp","href":"https:\/\/api.w.org\/{rel}","templated":true}]}}