{"id":561,"date":"2021-02-04T01:47:09","date_gmt":"2021-02-04T01:47:09","guid":{"rendered":"https:\/\/projetosdre.madeira.gov.pt\/pbaudeleitura\/about\/"},"modified":"2025-10-26T21:23:00","modified_gmt":"2025-10-26T21:23:00","slug":"about","status":"publish","type":"page","link":"https:\/\/projetosdre.madeira.gov.pt\/pbaudeleitura\/about\/","title":{"rendered":"Sobre"},"content":{"rendered":"\t\t<div data-elementor-type=\"wp-page\" data-elementor-id=\"561\" class=\"elementor elementor-561\">\n\t\t\t\t\t\t<section class=\"elementor-section elementor-top-section elementor-element elementor-element-55afc94 elementor-section-boxed elementor-section-height-default elementor-section-height-default\" data-id=\"55afc94\" data-element_type=\"section\" data-e-type=\"section\" data-settings=\"{&quot;background_background&quot;:&quot;classic&quot;}\">\n\t\t\t\t\t\t\t<div class=\"elementor-background-overlay\"><\/div>\n\t\t\t\t\t\t\t<div class=\"elementor-container elementor-column-gap-no\">\n\t\t\t\t\t<div class=\"elementor-column elementor-col-100 elementor-top-column elementor-element elementor-element-4ba7b22\" data-id=\"4ba7b22\" data-element_type=\"column\" data-e-type=\"column\">\n\t\t\t<div class=\"elementor-widget-wrap elementor-element-populated\">\n\t\t\t\t\t\t<div class=\"elementor-element elementor-element-0476778 elementor-widget elementor-widget-heading\" data-id=\"0476778\" data-element_type=\"widget\" data-e-type=\"widget\" data-widget_type=\"heading.default\">\n\t\t\t\t<div class=\"elementor-widget-container\">\n\t\t\t\t\t<h1 class=\"elementor-heading-title elementor-size-default\">Sobre o Projeto<\/h1>\t\t\t\t<\/div>\n\t\t\t\t<\/div>\n\t\t\t\t<div class=\"elementor-element elementor-element-0476f74 elementor-widget elementor-widget-text-editor\" data-id=\"0476f74\" data-element_type=\"widget\" data-e-type=\"widget\" data-widget_type=\"text-editor.default\">\n\t\t\t\t<div class=\"elementor-widget-container\">\n\t\t\t\t\t\t\t\t\t<p><span style=\"color: #999999\">Em qualquer lugar, a qualquer momento, um livro \u00e9 altamente!<\/span><\/p>\t\t\t\t\t\t\t\t<\/div>\n\t\t\t\t<\/div>\n\t\t\t\t\t<\/div>\n\t\t<\/div>\n\t\t\t\t\t<\/div>\n\t\t<\/section>\n\t\t<div class=\"elementor-element elementor-element-7b2fae5 e-flex e-con-boxed e-con e-parent\" data-id=\"7b2fae5\" data-element_type=\"container\" data-e-type=\"container\">\n\t\t\t\t\t<div class=\"e-con-inner\">\n\t\t\t\t<div class=\"elementor-element elementor-element-23779be elementor-widget elementor-widget-text-editor\" data-id=\"23779be\" data-element_type=\"widget\" data-e-type=\"widget\" data-widget_type=\"text-editor.default\">\n\t\t\t\t<div class=\"elementor-widget-container\">\n\t\t\t\t\t\t\t\t\t<h3 style=\"color: #9d9d9d;padding-bottom: 0.1875rem;letter-spacing: -0.01em;overflow: hidden;font-family: Metropolis, Metropolis-Fallback, sans-serif;line-height: 1.5;font-style: normal;position: relative;margin-bottom: 0px;max-width: 52.5rem;font-size: 1.25rem;font-weight: 400;text-align: center\">O Projeto Ba\u00fa de Leitura promove a leitura l\u00fadica nas escolas da Regi\u00e3o Aut\u00f3noma da Madeira desde 2001.<\/h3>\t\t\t\t\t\t\t\t<\/div>\n\t\t\t\t<\/div>\n\t\t\t\t\t<\/div>\n\t\t\t\t<\/div>\n\t\t\t\t<section class=\"elementor-section elementor-top-section elementor-element elementor-element-dcbe2ab elementor-section-content-middle elementor-section-boxed elementor-section-height-default elementor-section-height-default\" data-id=\"dcbe2ab\" data-element_type=\"section\" data-e-type=\"section\">\n\t\t\t\t\t\t<div class=\"elementor-container elementor-column-gap-no\">\n\t\t\t\t\t<div class=\"elementor-column elementor-col-50 elementor-top-column elementor-element elementor-element-97ecdec\" data-id=\"97ecdec\" data-element_type=\"column\" data-e-type=\"column\">\n\t\t\t<div class=\"elementor-widget-wrap elementor-element-populated\">\n\t\t\t\t\t\t<div class=\"elementor-element elementor-element-a7c43fd elementor-widget elementor-widget-image\" data-id=\"a7c43fd\" data-element_type=\"widget\" data-e-type=\"widget\" data-widget_type=\"image.default\">\n\t\t\t\t<div class=\"elementor-widget-container\">\n\t\t\t\t\t\t\t\t\t\t\t\t\t\t\t<img fetchpriority=\"high\" decoding=\"async\" width=\"1066\" height=\"864\" src=\"https:\/\/projetosdre.madeira.gov.pt\/pbaudeleitura\/wp-content\/uploads\/sites\/4\/2023\/11\/Imagem1.webp\" class=\"attachment-full size-full wp-image-1143\" alt=\"\" srcset=\"https:\/\/projetosdre.madeira.gov.pt\/pbaudeleitura\/wp-content\/uploads\/sites\/4\/2023\/11\/Imagem1.webp 1066w, https:\/\/projetosdre.madeira.gov.pt\/pbaudeleitura\/wp-content\/uploads\/sites\/4\/2023\/11\/Imagem1-300x243.webp 300w, https:\/\/projetosdre.madeira.gov.pt\/pbaudeleitura\/wp-content\/uploads\/sites\/4\/2023\/11\/Imagem1-1024x830.webp 1024w, https:\/\/projetosdre.madeira.gov.pt\/pbaudeleitura\/wp-content\/uploads\/sites\/4\/2023\/11\/Imagem1-768x622.webp 768w\" sizes=\"(max-width: 1066px) 100vw, 1066px\" \/>\t\t\t\t\t\t\t\t\t\t\t\t\t\t\t<\/div>\n\t\t\t\t<\/div>\n\t\t\t\t\t<\/div>\n\t\t<\/div>\n\t\t\t\t<div class=\"elementor-column elementor-col-50 elementor-top-column elementor-element elementor-element-a82a9d3\" data-id=\"a82a9d3\" data-element_type=\"column\" data-e-type=\"column\">\n\t\t\t<div class=\"elementor-widget-wrap elementor-element-populated\">\n\t\t\t\t\t\t<div class=\"elementor-element elementor-element-d58bf1b elementor-widget-divider--view-line elementor-widget elementor-widget-divider\" data-id=\"d58bf1b\" data-element_type=\"widget\" data-e-type=\"widget\" data-widget_type=\"divider.default\">\n\t\t\t\t<div class=\"elementor-widget-container\">\n\t\t\t\t\t\t\t<div class=\"elementor-divider\">\n\t\t\t<span class=\"elementor-divider-separator\">\n\t\t\t\t\t\t<\/span>\n\t\t<\/div>\n\t\t\t\t\t\t<\/div>\n\t\t\t\t<\/div>\n\t\t\t\t<div class=\"elementor-element elementor-element-70bfeb3 elementor-widget elementor-widget-text-editor\" data-id=\"70bfeb3\" data-element_type=\"widget\" data-e-type=\"widget\" data-widget_type=\"text-editor.default\">\n\t\t\t\t<div class=\"elementor-widget-container\">\n\t\t\t\t\t\t\t\t\t<p>Em 2025\/2026, o projeto conta com a participa\u00e7\u00e3o de 45 escolas do 1.\u00ba ciclo com pr\u00e9-escolar e 27 escolas dos restantes n\u00edveis de ensino. Abrange escolas p\u00fablicas e particulares de todos os concelhos da regi\u00e3o e ainda duas bibliotecas p\u00fablicas: C\u00e2mara de Lobos e Machico.<\/p><p>O Ba\u00fa de Leitura promove essencialmente a partilha de livros entre as escolas como se fossem (e s\u00e3o, realmente) tesouros, no sentido de cativar mais e novos alunos para a leitura.<\/p><p>Al\u00e9m dos livros, o projeto oferece atividades l\u00fadicas, passatempos, eventos e recursos que visam enriquecer a oferta cultural e liter\u00e1ria das escolas, em particular das bibliotecas.<\/p><p>Uma equipa coordenadora \u00e9 formada para apoiar e orientar as escolas e dinamizadores participantes no Projeto Ba\u00fa de Leitura.<\/p><p>Os Planos Anuais de Atividades podem ser consultados aqui.<\/p>\t\t\t\t\t\t\t\t<\/div>\n\t\t\t\t<\/div>\n\t\t\t\t<div class=\"elementor-element elementor-element-374f930 elementor-align-center elementor-widget elementor-widget-button\" data-id=\"374f930\" data-element_type=\"widget\" data-e-type=\"widget\" data-widget_type=\"button.default\">\n\t\t\t\t<div class=\"elementor-widget-container\">\n\t\t\t\t\t\t\t\t\t<div class=\"elementor-button-wrapper\">\n\t\t\t\t\t<a class=\"elementor-button elementor-size-sm elementor-animation-grow\" role=\"button\">\n\t\t\t\t\t\t<span class=\"elementor-button-content-wrapper\">\n\t\t\t\t\t\t\t\t\t<span class=\"elementor-button-text\">Ver PAA 2025\/2026 do 1.\u00ba ciclo\/PE<\/span>\n\t\t\t\t\t<\/span>\n\t\t\t\t\t<\/a>\n\t\t\t\t<\/div>\n\t\t\t\t\t\t\t\t<\/div>\n\t\t\t\t<\/div>\n\t\t\t\t<div class=\"elementor-element elementor-element-177cb4f elementor-align-center elementor-widget elementor-widget-button\" data-id=\"177cb4f\" data-element_type=\"widget\" data-e-type=\"widget\" data-widget_type=\"button.default\">\n\t\t\t\t<div class=\"elementor-widget-container\">\n\t\t\t\t\t\t\t\t\t<div class=\"elementor-button-wrapper\">\n\t\t\t\t\t<a class=\"elementor-button elementor-size-sm elementor-animation-grow\" role=\"button\">\n\t\t\t\t\t\t<span class=\"elementor-button-content-wrapper\">\n\t\t\t\t\t\t\t\t\t<span class=\"elementor-button-text\">Ver PAA 2025\/2026 do 2.\u00ba, 3.\u00ba ciclos e secund\u00e1rio<\/span>\n\t\t\t\t\t<\/span>\n\t\t\t\t\t<\/a>\n\t\t\t\t<\/div>\n\t\t\t\t\t\t\t\t<\/div>\n\t\t\t\t<\/div>\n\t\t\t\t\t<\/div>\n\t\t<\/div>\n\t\t\t\t\t<\/div>\n\t\t<\/section>\n\t\t\t\t<\/div>\n\t\t","protected":false},"excerpt":{"rendered":"<p>Sobre o Projeto Em qualquer lugar, a qualquer momento, um livro \u00e9 altamente! O Projeto Ba\u00fa de Leitura promove a leitura l\u00fadica nas escolas da Regi\u00e3o Aut\u00f3noma da Madeira desde 2001. Em 2025\/2026, o projeto conta com a participa\u00e7\u00e3o de 45 escolas do 1.\u00ba ciclo com pr\u00e9-escolar e 27 escolas dos restantes n\u00edveis de ensino. [&hellip;]<\/p>\n","protected":false},"author":7,"featured_media":0,"parent":0,"menu_order":0,"comment_status":"closed","ping_status":"closed","template":"","meta":{"_uag_custom_page_level_css":"","site-sidebar-layout":"no-sidebar","site-content-layout":"page-builder","ast-site-content-layout":"default","site-content-style":"default","site-sidebar-style":"default","ast-global-header-display":"","ast-banner-title-visibility":"","ast-main-header-display":"","ast-hfb-above-header-display":"","ast-hfb-below-header-display":"","ast-hfb-mobile-header-display":"","site-post-title":"","ast-breadcrumbs-content":"","ast-featured-img":"disabled","footer-sml-layout":"","ast-disable-related-posts":"","theme-transparent-header-meta":"enabled","adv-header-id-meta":"","stick-header-meta":"","header-above-stick-meta":"","header-main-stick-meta":"","header-below-stick-meta":"","astra-migrate-meta-layouts":"default","ast-page-background-enabled":"default","ast-page-background-meta":{"desktop":{"background-color":"","background-image":"","background-repeat":"repeat","background-position":"center center","background-size":"auto","background-attachment":"scroll","background-type":"","background-media":"","overlay-type":"","overlay-color":"","overlay-opacity":"","overlay-gradient":""},"tablet":{"background-color":"","background-image":"","background-repeat":"repeat","background-position":"center center","background-size":"auto","background-attachment":"scroll","background-type":"","background-media":"","overlay-type":"","overlay-color":"","overlay-opacity":"","overlay-gradient":""},"mobile":{"background-color":"","background-image":"","background-repeat":"repeat","background-position":"center center","background-size":"auto","background-attachment":"scroll","background-type":"","background-media":"","overlay-type":"","overlay-color":"","overlay-opacity":"","overlay-gradient":""}},"ast-content-background-meta":{"desktop":{"background-color":"var(--ast-global-color-5)","background-image":"","background-repeat":"repeat","background-position":"center center","background-size":"auto","background-attachment":"scroll","background-type":"","background-media":"","overlay-type":"","overlay-color":"","overlay-opacity":"","overlay-gradient":""},"tablet":{"background-color":"var(--ast-global-color-5)","background-image":"","background-repeat":"repeat","background-position":"center center","background-size":"auto","background-attachment":"scroll","background-type":"","background-media":"","overlay-type":"","overlay-color":"","overlay-opacity":"","overlay-gradient":""},"mobile":{"background-color":"var(--ast-global-color-5)","background-image":"","background-repeat":"repeat","background-position":"center center","background-size":"auto","background-attachment":"scroll","background-type":"","background-media":"","overlay-type":"","overlay-color":"","overlay-opacity":"","overlay-gradient":""}},"_themeisle_gutenberg_block_has_review":false,"footnotes":""},"class_list":["post-561","page","type-page","status-publish","hentry"],"uagb_featured_image_src":{"full":false,"thumbnail":false,"medium":false,"medium_large":false,"large":false,"1536x1536":false,"2048x2048":false},"uagb_author_info":{"display_name":"paulogouveia","author_link":"https:\/\/projetosdre.madeira.gov.pt\/pbaudeleitura\/author\/paulogouveia\/"},"uagb_comment_info":0,"uagb_excerpt":"Sobre o Projeto Em qualquer lugar, a qualquer momento, um livro \u00e9 altamente! O Projeto Ba\u00fa de Leitura promove a leitura l\u00fadica nas escolas da Regi\u00e3o Aut\u00f3noma da Madeira desde 2001. Em 2025\/2026, o projeto conta com a participa\u00e7\u00e3o de 45 escolas do 1.\u00ba ciclo com pr\u00e9-escolar e 27 escolas dos restantes n\u00edveis de ensino.&hellip;","_links":{"self":[{"href":"https:\/\/projetosdre.madeira.gov.pt\/pbaudeleitura\/wp-json\/wp\/v2\/pages\/561","targetHints":{"allow":["GET"]}}],"collection":[{"href":"https:\/\/projetosdre.madeira.gov.pt\/pbaudeleitura\/wp-json\/wp\/v2\/pages"}],"about":[{"href":"https:\/\/projetosdre.madeira.gov.pt\/pbaudeleitura\/wp-json\/wp\/v2\/types\/page"}],"author":[{"embeddable":true,"href":"https:\/\/projetosdre.madeira.gov.pt\/pbaudeleitura\/wp-json\/wp\/v2\/users\/7"}],"replies":[{"embeddable":true,"href":"https:\/\/projetosdre.madeira.gov.pt\/pbaudeleitura\/wp-json\/wp\/v2\/comments?post=561"}],"version-history":[{"count":40,"href":"https:\/\/projetosdre.madeira.gov.pt\/pbaudeleitura\/wp-json\/wp\/v2\/pages\/561\/revisions"}],"predecessor-version":[{"id":1641,"href":"https:\/\/projetosdre.madeira.gov.pt\/pbaudeleitura\/wp-json\/wp\/v2\/pages\/561\/revisions\/1641"}],"wp:attachment":[{"href":"https:\/\/projetosdre.madeira.gov.pt\/pbaudeleitura\/wp-json\/wp\/v2\/media?parent=561"}],"curies":[{"name":"wp","href":"https:\/\/api.w.org\/{rel}","templated":true}]}}