{"id":703,"date":"2023-11-06T09:12:00","date_gmt":"2023-11-06T09:12:00","guid":{"rendered":"https:\/\/projetosdre.madeira.gov.pt\/preparandoomeufuturo\/?page_id=703"},"modified":"2023-11-06T10:18:27","modified_gmt":"2023-11-06T10:18:27","slug":"competencias","status":"publish","type":"page","link":"https:\/\/projetosdre.madeira.gov.pt\/preparandoomeufuturo\/competencias\/","title":{"rendered":"Competencias"},"content":{"rendered":"\t\t<div data-elementor-type=\"wp-page\" data-elementor-id=\"703\" class=\"elementor elementor-703\">\n\t\t\t\t\t\t<section class=\"elementor-section elementor-top-section elementor-element elementor-element-3e3e8ed elementor-section-boxed elementor-section-height-default elementor-section-height-default\" data-id=\"3e3e8ed\" data-element_type=\"section\" data-e-type=\"section\" data-settings=\"{&quot;background_background&quot;:&quot;classic&quot;}\">\n\t\t\t\t\t\t<div class=\"elementor-container elementor-column-gap-no\">\n\t\t\t\t\t<div class=\"elementor-column elementor-col-100 elementor-top-column elementor-element elementor-element-8ae0b7f\" data-id=\"8ae0b7f\" data-element_type=\"column\" data-e-type=\"column\">\n\t\t\t<div class=\"elementor-widget-wrap elementor-element-populated\">\n\t\t\t\t\t\t<div class=\"elementor-element elementor-element-0a1c837 elementor-widget elementor-widget-heading\" data-id=\"0a1c837\" data-element_type=\"widget\" data-e-type=\"widget\" data-widget_type=\"heading.default\">\n\t\t\t\t<div class=\"elementor-widget-container\">\n\t\t\t\t\t<h1 class=\"elementor-heading-title elementor-size-default\">Compet\u00eancias<\/h1>\t\t\t\t<\/div>\n\t\t\t\t<\/div>\n\t\t\t\t\t<\/div>\n\t\t<\/div>\n\t\t\t\t\t<\/div>\n\t\t<\/section>\n\t\t\t\t<section class=\"elementor-section elementor-top-section elementor-element elementor-element-8ca65f7 elementor-section-boxed elementor-section-height-default elementor-section-height-default\" data-id=\"8ca65f7\" data-element_type=\"section\" data-e-type=\"section\" data-settings=\"{&quot;background_background&quot;:&quot;classic&quot;}\">\n\t\t\t\t\t\t<div class=\"elementor-container elementor-column-gap-no\">\n\t\t\t\t\t<div class=\"elementor-column elementor-col-100 elementor-top-column elementor-element elementor-element-e895bca\" data-id=\"e895bca\" data-element_type=\"column\" data-e-type=\"column\">\n\t\t\t<div class=\"elementor-widget-wrap elementor-element-populated\">\n\t\t\t\t\t\t<div class=\"elementor-element elementor-element-c4b2575 elementor-widget elementor-widget-heading\" data-id=\"c4b2575\" data-element_type=\"widget\" data-e-type=\"widget\" data-widget_type=\"heading.default\">\n\t\t\t\t<div class=\"elementor-widget-container\">\n\t\t\t\t\t<h3 class=\"elementor-heading-title elementor-size-default\">Compet\u00eancias a Desenvolver com o Projeto<\/h3>\t\t\t\t<\/div>\n\t\t\t\t<\/div>\n\t\t\t\t<div class=\"elementor-element elementor-element-862a45c elementor-widget elementor-widget-text-editor\" data-id=\"862a45c\" data-element_type=\"widget\" data-e-type=\"widget\" data-widget_type=\"text-editor.default\">\n\t\t\t\t<div class=\"elementor-widget-container\">\n\t\t\t\t\t\t\t\t\t<p><strong>O Programa de desenvolvimento de carreira enfatiza o desenvolvimento e a melhoria do auto-conhecimento dos alunos, das aptid\u00f5es para a explora\u00e7\u00e3o dos percursos educacionais e das op\u00e7\u00f5es de carreira, da compreens\u00e3o da rela\u00e7\u00e3o entre as aptid\u00f5es acad\u00e9micas e as do trabalho, da carreira e das aptid\u00f5es pessoais e do planeamento para o futuro.<\/strong><\/p><p>No ano de 2010 uma parceria entre a Divis\u00e3o de Apoio Psicol\u00f3gico e de Orienta\u00e7\u00e3o Escolar e Vocacional e a Unidade Operacional de Interven\u00e7\u00e3o em Comportamentos Aditivos e Depend\u00eancias originou uma extens\u00e3o do Programa de Atividades deste Projeto com o objetivo de, e \u00e0 semelhan\u00e7a do Projeto Atlante nos outros Ciclos do Ensino B\u00e1sico, dotar os alunos de informa\u00e7\u00e3o, atitudes e promover valores e compet\u00eancias necess\u00e1rias para decidir de forma racional e aut\u00f3noma perante a oferta de drogas.<\/p><p>Assim, foi acrescentado ao Programa de Atividades, uma nova \u00e1rea de compet\u00eancias a desenvolver, assim como um conjunto de atividades, para os 3\u00ba e 4\u00ba anos de escolaridade.<\/p><p>O Programa de Atividades deste Projeto pretende assim desenvolver as seguintes compet\u00eancias:<\/p>\t\t\t\t\t\t\t\t<\/div>\n\t\t\t\t<\/div>\n\t\t<div class=\"elementor-element elementor-element-5671a15 e-con-full e-flex e-con e-parent\" data-id=\"5671a15\" data-element_type=\"container\" data-e-type=\"container\">\n\t\t<div class=\"elementor-element elementor-element-6c8eaea e-con-full e-flex e-con e-child\" data-id=\"6c8eaea\" data-element_type=\"container\" data-e-type=\"container\">\n\t\t\t\t<div class=\"elementor-element elementor-element-6bc7a1a elementor-widget-mobile__width-initial elementor-widget elementor-widget-text-editor\" data-id=\"6bc7a1a\" data-element_type=\"widget\" data-e-type=\"widget\" data-widget_type=\"text-editor.default\">\n\t\t\t\t<div class=\"elementor-widget-container\">\n\t\t\t\t\t\t\t\t\t<p><strong><span style=\"color: #1bae70;\">AUTO-CONHECIMENTO<\/span><\/strong><\/p><p><strong>Compet\u00eancia 1<\/strong>: Conhecimento da import\u00e2ncia de possuir um auto-conceito positivo<\/p><p><strong>Compet\u00eancia 2<\/strong>: Aptid\u00f5es para interagir com os outros.<\/p><p><strong>Compet\u00eancia 3<\/strong>: Consci\u00eancia da import\u00e2ncia de crescer e mudar.<\/p><p><strong><span style=\"color: #1bae70;\">EXPLORA\u00c7\u00c3O EDUCACIONAL E OCUPACIONAL<\/span><\/strong><\/p><p><strong>Compet\u00eancia 4<\/strong>: Consci\u00eancia dos benef\u00edcios de um bom desempenho escolar.<\/p><p><strong>Compet\u00eancia 5<\/strong>: Consci\u00eancia das rela\u00e7\u00f5es entre a aprendizagem e o trabalho.<\/p><p><strong>Compet\u00eancia 6<\/strong>: Aptid\u00f5es para usar e compreender a informa\u00e7\u00e3o sobre as carreiras.<\/p><p><strong>Compet\u00eancia 7<\/strong>: Consci\u00eancia da import\u00e2ncia da responsabilidade pessoal e bons h\u00e1bitos de trabalho.<\/p><p><strong>Compet\u00eancia 8<\/strong>: Consci\u00eancia de como o trabalho est\u00e1 relacionado com as necessidades da sociedade.<\/p><p><strong><span style=\"color: #1bae70;\">PLANEAMENTO DA CARREIRA<\/span><\/strong><\/p><p><strong>Compet\u00eancia 9<\/strong>: Compreens\u00e3o sobre formas de tomada de decis\u00e3o.<\/p><p><strong>Compet\u00eancia 10<\/strong>: Consci\u00eancia da inter rela\u00e7\u00e3o dos papeis sociais.<\/p><p><strong>Compet\u00eancia 11<\/strong>: Consci\u00eancia dos diferentes pap\u00e9is que ocupam os homens e mulheres nas diferentes ocupa\u00e7\u00f5es.<\/p><p><strong>Compet\u00eancia 12<\/strong>: Consci\u00eancia do processo de planeamento da carreira.<\/p>\t\t\t\t\t\t\t\t<\/div>\n\t\t\t\t<\/div>\n\t\t\t\t<\/div>\n\t\t<div class=\"elementor-element elementor-element-20f26a6 e-con-full e-flex e-con e-child\" data-id=\"20f26a6\" data-element_type=\"container\" data-e-type=\"container\">\n\t\t\t\t<div class=\"elementor-element elementor-element-70c9965 elementor-widget elementor-widget-image\" data-id=\"70c9965\" data-element_type=\"widget\" data-e-type=\"widget\" data-widget_type=\"image.default\">\n\t\t\t\t<div class=\"elementor-widget-container\">\n\t\t\t\t\t\t\t\t\t\t\t\t\t\t\t<img fetchpriority=\"high\" decoding=\"async\" width=\"600\" height=\"574\" src=\"https:\/\/projetosdre.madeira.gov.pt\/preparandoomeufuturo\/wp-content\/uploads\/sites\/3\/2023\/11\/32bbc9_4248d73cb1c0492cae80f915f7f83e97.webp\" class=\"attachment-large size-large wp-image-748\" alt=\"\" srcset=\"https:\/\/projetosdre.madeira.gov.pt\/preparandoomeufuturo\/wp-content\/uploads\/sites\/3\/2023\/11\/32bbc9_4248d73cb1c0492cae80f915f7f83e97.webp 600w, https:\/\/projetosdre.madeira.gov.pt\/preparandoomeufuturo\/wp-content\/uploads\/sites\/3\/2023\/11\/32bbc9_4248d73cb1c0492cae80f915f7f83e97-300x287.webp 300w\" sizes=\"(max-width: 600px) 100vw, 600px\" \/>\t\t\t\t\t\t\t\t\t\t\t\t\t\t\t<\/div>\n\t\t\t\t<\/div>\n\t\t\t\t<\/div>\n\t\t\t\t<\/div>\n\t\t\t\t\t<\/div>\n\t\t<\/div>\n\t\t\t\t\t<\/div>\n\t\t<\/section>\n\t\t\t\t<\/div>\n\t\t","protected":false},"excerpt":{"rendered":"<p>Compet\u00eancias Compet\u00eancias a Desenvolver com o Projeto O Programa de desenvolvimento de carreira enfatiza o desenvolvimento e a melhoria do auto-conhecimento dos alunos, das aptid\u00f5es para a explora\u00e7\u00e3o dos percursos educacionais e das op\u00e7\u00f5es de carreira, da compreens\u00e3o da rela\u00e7\u00e3o entre as aptid\u00f5es acad\u00e9micas e as do trabalho, da carreira e das aptid\u00f5es pessoais e [&hellip;]<\/p>\n","protected":false},"author":7,"featured_media":0,"parent":0,"menu_order":0,"comment_status":"closed","ping_status":"closed","template":"","meta":{"site-sidebar-layout":"no-sidebar","site-content-layout":"page-builder","ast-site-content-layout":"full-width-container","site-content-style":"default","site-sidebar-style":"default","ast-global-header-display":"","ast-banner-title-visibility":"","ast-main-header-display":"","ast-hfb-above-header-display":"","ast-hfb-below-header-display":"","ast-hfb-mobile-header-display":"","site-post-title":"disabled","ast-breadcrumbs-content":"","ast-featured-img":"disabled","footer-sml-layout":"","ast-disable-related-posts":"","theme-transparent-header-meta":"","adv-header-id-meta":"","stick-header-meta":"","header-above-stick-meta":"","header-main-stick-meta":"","header-below-stick-meta":"","astra-migrate-meta-layouts":"set","ast-page-background-enabled":"default","ast-page-background-meta":{"desktop":{"background-color":"","background-image":"","background-repeat":"repeat","background-position":"center center","background-size":"auto","background-attachment":"scroll","background-type":"","background-media":"","overlay-type":"","overlay-color":"","overlay-opacity":"","overlay-gradient":""},"tablet":{"background-color":"","background-image":"","background-repeat":"repeat","background-position":"center center","background-size":"auto","background-attachment":"scroll","background-type":"","background-media":"","overlay-type":"","overlay-color":"","overlay-opacity":"","overlay-gradient":""},"mobile":{"background-color":"","background-image":"","background-repeat":"repeat","background-position":"center center","background-size":"auto","background-attachment":"scroll","background-type":"","background-media":"","overlay-type":"","overlay-color":"","overlay-opacity":"","overlay-gradient":""}},"ast-content-background-meta":{"desktop":{"background-color":"var(--ast-global-color-5)","background-image":"","background-repeat":"repeat","background-position":"center center","background-size":"auto","background-attachment":"scroll","background-type":"","background-media":"","overlay-type":"","overlay-color":"","overlay-opacity":"","overlay-gradient":""},"tablet":{"background-color":"var(--ast-global-color-5)","background-image":"","background-repeat":"repeat","background-position":"center center","background-size":"auto","background-attachment":"scroll","background-type":"","background-media":"","overlay-type":"","overlay-color":"","overlay-opacity":"","overlay-gradient":""},"mobile":{"background-color":"var(--ast-global-color-5)","background-image":"","background-repeat":"repeat","background-position":"center center","background-size":"auto","background-attachment":"scroll","background-type":"","background-media":"","overlay-type":"","overlay-color":"","overlay-opacity":"","overlay-gradient":""}},"_themeisle_gutenberg_block_has_review":false,"footnotes":""},"class_list":["post-703","page","type-page","status-publish","hentry"],"_links":{"self":[{"href":"https:\/\/projetosdre.madeira.gov.pt\/preparandoomeufuturo\/wp-json\/wp\/v2\/pages\/703","targetHints":{"allow":["GET"]}}],"collection":[{"href":"https:\/\/projetosdre.madeira.gov.pt\/preparandoomeufuturo\/wp-json\/wp\/v2\/pages"}],"about":[{"href":"https:\/\/projetosdre.madeira.gov.pt\/preparandoomeufuturo\/wp-json\/wp\/v2\/types\/page"}],"author":[{"embeddable":true,"href":"https:\/\/projetosdre.madeira.gov.pt\/preparandoomeufuturo\/wp-json\/wp\/v2\/users\/7"}],"replies":[{"embeddable":true,"href":"https:\/\/projetosdre.madeira.gov.pt\/preparandoomeufuturo\/wp-json\/wp\/v2\/comments?post=703"}],"version-history":[{"count":13,"href":"https:\/\/projetosdre.madeira.gov.pt\/preparandoomeufuturo\/wp-json\/wp\/v2\/pages\/703\/revisions"}],"predecessor-version":[{"id":754,"href":"https:\/\/projetosdre.madeira.gov.pt\/preparandoomeufuturo\/wp-json\/wp\/v2\/pages\/703\/revisions\/754"}],"wp:attachment":[{"href":"https:\/\/projetosdre.madeira.gov.pt\/preparandoomeufuturo\/wp-json\/wp\/v2\/media?parent=703"}],"curies":[{"name":"wp","href":"https:\/\/api.w.org\/{rel}","templated":true}]}}