{"id":785,"date":"2023-11-06T10:54:48","date_gmt":"2023-11-06T10:54:48","guid":{"rendered":"https:\/\/projetosdre.madeira.gov.pt\/preparandoomeufuturo\/?page_id=785"},"modified":"2023-11-06T10:55:04","modified_gmt":"2023-11-06T10:55:04","slug":"sobre","status":"publish","type":"page","link":"https:\/\/projetosdre.madeira.gov.pt\/preparandoomeufuturo\/sobre\/","title":{"rendered":"Sobre"},"content":{"rendered":"\t\t<div data-elementor-type=\"wp-page\" data-elementor-id=\"785\" class=\"elementor elementor-785\">\n\t\t\t\t\t\t<section class=\"elementor-section elementor-top-section elementor-element elementor-element-42e3a1c elementor-section-boxed elementor-section-height-default elementor-section-height-default\" data-id=\"42e3a1c\" data-element_type=\"section\" data-e-type=\"section\" data-settings=\"{&quot;background_background&quot;:&quot;classic&quot;}\">\n\t\t\t\t\t\t<div class=\"elementor-container elementor-column-gap-no\">\n\t\t\t\t\t<div class=\"elementor-column elementor-col-100 elementor-top-column elementor-element elementor-element-3f02555\" data-id=\"3f02555\" data-element_type=\"column\" data-e-type=\"column\">\n\t\t\t<div class=\"elementor-widget-wrap elementor-element-populated\">\n\t\t\t\t\t\t<div class=\"elementor-element elementor-element-277cd0b elementor-widget elementor-widget-heading\" data-id=\"277cd0b\" data-element_type=\"widget\" data-e-type=\"widget\" data-widget_type=\"heading.default\">\n\t\t\t\t<div class=\"elementor-widget-container\">\n\t\t\t\t\t<h1 class=\"elementor-heading-title elementor-size-default\">Sobre o Projeto<\/h1>\t\t\t\t<\/div>\n\t\t\t\t<\/div>\n\t\t\t\t\t<\/div>\n\t\t<\/div>\n\t\t\t\t\t<\/div>\n\t\t<\/section>\n\t\t\t\t<section class=\"elementor-section elementor-top-section elementor-element elementor-element-e8a24b7 elementor-section-boxed elementor-section-height-default elementor-section-height-default\" data-id=\"e8a24b7\" data-element_type=\"section\" data-e-type=\"section\" data-settings=\"{&quot;background_background&quot;:&quot;classic&quot;}\">\n\t\t\t\t\t\t<div class=\"elementor-container elementor-column-gap-no\">\n\t\t\t\t\t<div class=\"elementor-column elementor-col-100 elementor-top-column elementor-element elementor-element-2ceecf6\" data-id=\"2ceecf6\" data-element_type=\"column\" data-e-type=\"column\">\n\t\t\t<div class=\"elementor-widget-wrap elementor-element-populated\">\n\t\t\t\t\t\t<div class=\"elementor-element elementor-element-6fa9095 elementor-widget elementor-widget-text-editor\" data-id=\"6fa9095\" data-element_type=\"widget\" data-e-type=\"widget\" data-widget_type=\"text-editor.default\">\n\t\t\t\t<div class=\"elementor-widget-container\">\n\t\t\t\t\t\t\t\t\t<p>Durante os primeiros anos da educa\u00e7\u00e3o b\u00e1sica, os alunos encontram-se num processo de forma\u00e7\u00e3o b\u00e1sica de valores, atitudes e interesses com vista a um futuro no mundo do trabalho. Por isso, as equipas de professores e educadores devem ajudar as crian\u00e7as a desenvolver atitudes positivas em rela\u00e7\u00e3o ao trabalho, a ter orgulho nos seus esfor\u00e7os, a ter consci\u00eancia sobre as m\u00faltiplas oportunidades de carreira e a adquirir e compreender a necessidade de possuir bons h\u00e1bitos de trabalho. A primeira grande meta de um programa de desenvolvimento de carreira eficaz no 1.\u00ba Ciclo do Ensino B\u00e1sico \u00e9 envolver as crian\u00e7as em tarefas que s\u00e3o importantes para uma forma de vida que se pretende venha a ser produtiva e compensadora e sobretudo, feliz. As crian\u00e7as dever\u00e3o ter contactos com o mundo do trabalho e os v\u00e1rios profissionais da sua comunidade e tamb\u00e9m familiarizarem-se com as diferentes ocupa\u00e7\u00f5es e estilos de vida no sentido de trabalharem de acordo com o n\u00edvel educacional em que est\u00e3o inseridos.<\/p><p>Assim, os professores dever\u00e3o ajudar as crian\u00e7as a aprender bons h\u00e1bitos de trabalho a conhecerem as responsabilidades que a sociedade espera delas, em qualquer tipo de profiss\u00e3o ou ocupa\u00e7\u00e3o no seu futuro.<\/p><blockquote><b> <\/b><p><b>As crian\u00e7as dever\u00e3o ter consci\u00eancia de que qualquer decis\u00e3o que tomem no presente ter\u00e1 consequ\u00eancias para si e para os outros no futuro.<\/b><\/p><\/blockquote><p>As crian\u00e7as precisam de ter consci\u00eancia sobre eles, de como s\u00e3o \u00fanicos e especiais, de como mudam e como se processa essa mudan\u00e7a e de como as experi\u00eancias na escola podem ser usadas para explorar e preparar o seu futuro. Se acreditamos que quanto maior e melhor informa\u00e7\u00e3o as crian\u00e7as possu\u00edrem, maior ser\u00e1 o peso destas nas suas decis\u00f5es futuras, ent\u00e3o a orienta\u00e7\u00e3o para as carreiras no 1.\u00ba Ciclo do Ensino B\u00e1sico dever\u00e1 focalizar aspectos t\u00e3o relevantes como um auto-conceito positivo, os bons h\u00e1bitos de trabalho, a consci\u00eancia da necessidade de planear uma carreira, as aptid\u00f5es para tomar decis\u00f5es, a interac\u00e7\u00e3o com a grande variedade de membros de uma comunidade e os seus recursos, o cumprimento das responsabilidades, a compreens\u00e3o sobre aspectos b\u00e1sicos da economia e sobre atitudes e objectivos n\u00e3o estereotipados.<\/p><p>Em resumo, um programa de desenvolvimento de carreira, ajudar\u00e1 as crian\u00e7as a aprenderem atitudes e desenvolver aptid\u00f5es que os ajudar\u00e3o a ser respons\u00e1veis e membros respons\u00e1veis da nossa comunidade ou em qualquer ponto do mundo onde escolher\u00e3o viver no futuro.<\/p><p><b>A Rede de Escolas<\/b><\/p><p>Este programa de Desenvolvimento da Carreira, foi, numa fase experimental no ano de 2005\/06, desenvolvido em 11 Escolas do 1.\u00ba Ciclo do Concelho do Funchal, com as caracter\u00edsticas de Escolas a Tempo Inteiro. Alargado nos anos seguintes aos concelhos de C\u00e2mara de Lobos, Santa Cruz, Machico e Ribeira Brava, abrange hoje um universo de mais de 4000 crian\u00e7as dos quatro primeiros anos de escolaridade.<\/p><p>Deste Projeto fizeram parte a Escola B\u00e1sica e Secund\u00e1ria do Carmo &#8211; C\u00e2mara de Lobos, e a Escola B\u00e1sica e Secund\u00e1ria Dr. Angelo Augusto da Silva, onde foram desenvolvidas a titulo experimental atividades com alunos dos 5\u00ba e 6\u00ba ano de escolaridade.<\/p><p><b>Interven\u00e7\u00e3o e Programa de Atividades<\/b><\/p><p>Constitu\u00eddo por um conjunto de actividades de desenvolvimento do Auto-Conhecimento, da Explora\u00e7\u00e3o Educacional e Ocupacional (explora\u00e7\u00e3o dos diferentes percursos escolares e profissionais) e do Planeamento da Carreira e da Tomada de Decis\u00e3o, o programa, procura desenvolver as compet\u00eancias das crian\u00e7as at\u00e9 ao final da inf\u00e2ncia, ou seja, prev\u00ea que todas as compet\u00eancias sejam desenvolvidas durante os seis primeiros anos de escolaridade.<\/p><p>N\u00e3o \u00e9 inten\u00e7\u00e3o deste Programa, que as crian\u00e7as fa\u00e7am escolhas prematuras, mas t\u00e3o somente orient\u00e1-las no seu processo de escolha. Mais propriamente, ser\u00e1 uma forma de as ajudar a tomar consci\u00eancia das escolhas poss\u00edveis, formas de antecipar e planear o que de futuro querer\u00e3o ser ou fazer. As crian\u00e7as destas idades precisam tamb\u00e9m de saber que ter\u00e3o m\u00faltiplas oportunidades e informa\u00e7\u00e3o que as ajudar\u00e3o a fazer as escolhas quando chegar o momento certo para tal.<\/p><p>O conte\u00fado deste programa compreensivo de desenvolvimento de carreira, provem do estudo efetuado a v\u00e1rios programas j\u00e1 desenvolvidos noutros pa\u00edses, como os Estados Unidos, Canad\u00e1, Reino Unido e Austr\u00e1lia entre outros, onde foram feitas algumas altera\u00e7\u00f5es e adapta\u00e7\u00f5es tendo em conta, tanto as compet\u00eancias a desenvolver como a popula\u00e7\u00e3o a quem se destina.<\/p>\t\t\t\t\t\t\t\t<\/div>\n\t\t\t\t<\/div>\n\t\t\t\t\t<\/div>\n\t\t<\/div>\n\t\t\t\t\t<\/div>\n\t\t<\/section>\n\t\t\t\t<section class=\"elementor-section elementor-top-section elementor-element elementor-element-02d218e elementor-section-boxed elementor-section-height-default elementor-section-height-default\" data-id=\"02d218e\" data-element_type=\"section\" data-e-type=\"section\">\n\t\t\t\t\t\t<div class=\"elementor-container elementor-column-gap-no\">\n\t\t\t\t\t<div class=\"elementor-column elementor-col-100 elementor-top-column elementor-element elementor-element-9650231\" data-id=\"9650231\" data-element_type=\"column\" data-e-type=\"column\">\n\t\t\t<div class=\"elementor-widget-wrap elementor-element-populated\">\n\t\t\t\t\t\t<div class=\"elementor-element elementor-element-fbdb4cd elementor-widget elementor-widget-heading\" data-id=\"fbdb4cd\" data-element_type=\"widget\" data-e-type=\"widget\" data-widget_type=\"heading.default\">\n\t\t\t\t<div class=\"elementor-widget-container\">\n\t\t\t\t\t<h5 class=\"elementor-heading-title elementor-size-default\"><b>N\u00e3o \u00e9 professor da RAM, mas gostaria de saber mais sobre este Projeto?\nContacte-nos!<\/b><\/h5>\t\t\t\t<\/div>\n\t\t\t\t<\/div>\n\t\t\t\t\t<\/div>\n\t\t<\/div>\n\t\t\t\t\t<\/div>\n\t\t<\/section>\n\t\t\t\t<section class=\"elementor-section elementor-top-section elementor-element elementor-element-efe78e0 elementor-section-boxed elementor-section-height-default elementor-section-height-default\" data-id=\"efe78e0\" data-element_type=\"section\" data-e-type=\"section\">\n\t\t\t\t\t\t<div class=\"elementor-container elementor-column-gap-no\">\n\t\t\t\t\t<div class=\"elementor-column elementor-col-33 elementor-top-column elementor-element elementor-element-4a1bc96\" data-id=\"4a1bc96\" data-element_type=\"column\" data-e-type=\"column\">\n\t\t\t<div class=\"elementor-widget-wrap elementor-element-populated\">\n\t\t\t\t\t\t<div class=\"elementor-element elementor-element-de0180f elementor-widget__width-initial elementor-widget elementor-widget-image\" data-id=\"de0180f\" data-element_type=\"widget\" data-e-type=\"widget\" data-widget_type=\"image.default\">\n\t\t\t\t<div class=\"elementor-widget-container\">\n\t\t\t\t\t\t\t\t\t\t\t\t\t\t\t<img fetchpriority=\"high\" decoding=\"async\" width=\"430\" height=\"478\" src=\"https:\/\/projetosdre.madeira.gov.pt\/preparandoomeufuturo\/wp-content\/uploads\/sites\/3\/2023\/11\/32bbc9_f0ff016e6d9644e9be2868baa2dbec32.webp\" class=\"attachment-full size-full wp-image-683\" alt=\"\" srcset=\"https:\/\/projetosdre.madeira.gov.pt\/preparandoomeufuturo\/wp-content\/uploads\/sites\/3\/2023\/11\/32bbc9_f0ff016e6d9644e9be2868baa2dbec32.webp 430w, https:\/\/projetosdre.madeira.gov.pt\/preparandoomeufuturo\/wp-content\/uploads\/sites\/3\/2023\/11\/32bbc9_f0ff016e6d9644e9be2868baa2dbec32-270x300.webp 270w\" sizes=\"(max-width: 430px) 100vw, 430px\" \/>\t\t\t\t\t\t\t\t\t\t\t\t\t\t\t<\/div>\n\t\t\t\t<\/div>\n\t\t\t\t\t<\/div>\n\t\t<\/div>\n\t\t\t\t<div class=\"elementor-column elementor-col-66 elementor-top-column elementor-element elementor-element-0c49bf3\" data-id=\"0c49bf3\" data-element_type=\"column\" data-e-type=\"column\">\n\t\t\t<div class=\"elementor-widget-wrap elementor-element-populated\">\n\t\t\t\t\t\t<div class=\"elementor-element elementor-element-abbaf0f elementor-widget elementor-widget-wpforms\" data-id=\"abbaf0f\" data-element_type=\"widget\" data-e-type=\"widget\" data-widget_type=\"wpforms.default\">\n\t\t\t\t<div class=\"elementor-widget-container\">\n\t\t\t\t\t<div class=\"wpforms-container \" id=\"wpforms-16\"><form id=\"wpforms-form-16\" class=\"wpforms-validate wpforms-form\" data-formid=\"16\" method=\"post\" enctype=\"multipart\/form-data\" action=\"\/preparandoomeufuturo\/wp-json\/wp\/v2\/pages\/785\" data-token=\"673599044ae3f9bd9353162d70ee0414\" data-token-time=\"1778074903\"><noscript class=\"wpforms-error-noscript\">Please enable JavaScript in your browser to complete this form.<\/noscript><div class=\"wpforms-field-container\"><div id=\"wpforms-16-field_0-container\" class=\"wpforms-field wpforms-field-name\" data-field-id=\"0\"><label class=\"wpforms-field-label wpforms-label-hide\" for=\"wpforms-16-field_0\">Nome <span class=\"wpforms-required-label\">*<\/span><\/label><input type=\"text\" id=\"wpforms-16-field_0\" class=\"wpforms-field-large wpforms-field-required\" name=\"wpforms[fields][0]\" placeholder=\"Nome Completo\" required><\/div><div id=\"wpforms-16-field_1-container\" class=\"wpforms-field wpforms-field-email\" data-field-id=\"1\"><label class=\"wpforms-field-label wpforms-label-hide\" for=\"wpforms-16-field_1\">Email <span class=\"wpforms-required-label\">*<\/span><\/label><input type=\"email\" id=\"wpforms-16-field_1\" class=\"wpforms-field-large wpforms-field-required\" name=\"wpforms[fields][1]\" placeholder=\"Endere\u00e7o de Email\" spellcheck=\"false\" required><\/div><div id=\"wpforms-16-field_2-container\" class=\"wpforms-field wpforms-field-textarea\" data-field-id=\"2\"><label class=\"wpforms-field-label wpforms-label-hide\" for=\"wpforms-16-field_2\">Mensagem <span class=\"wpforms-required-label\">*<\/span><\/label><textarea id=\"wpforms-16-field_2\" class=\"wpforms-field-medium wpforms-field-required\" name=\"wpforms[fields][2]\" placeholder=\"A sua mensagem\" required><\/textarea><\/div><\/div><!-- .wpforms-field-container --><div class=\"wpforms-recaptcha-container wpforms-is-hcaptcha\" ><div class=\"h-captcha\" data-sitekey=\"f9ba0dcb-80d0-49f3-81e3-10dc4bff26af\"><\/div><input type=\"text\" name=\"g-recaptcha-hidden\" class=\"wpforms-recaptcha-hidden\" style=\"position:absolute!important;clip:rect(0,0,0,0)!important;height:1px!important;width:1px!important;border:0!important;overflow:hidden!important;padding:0!important;margin:0!important;\" data-rule-hcaptcha=\"1\"><\/div><div class=\"wpforms-submit-container\" ><input type=\"hidden\" name=\"wpforms[id]\" value=\"16\"><input type=\"hidden\" name=\"page_title\" value=\"\"><input type=\"hidden\" name=\"page_url\" value=\"https:\/\/projetosdre.madeira.gov.pt\/preparandoomeufuturo\/wp-json\/wp\/v2\/pages\/785\"><input type=\"hidden\" name=\"url_referer\" value=\"\"><button type=\"submit\" name=\"wpforms[submit]\" id=\"wpforms-submit-16\" class=\"wpforms-submit\" data-alt-text=\"Enviando...\" data-submit-text=\"Enviar\" aria-live=\"assertive\" value=\"wpforms-submit\">Enviar<\/button><\/div><\/form><\/div>  <!-- .wpforms-container -->\t\t\t\t<\/div>\n\t\t\t\t<\/div>\n\t\t\t\t\t<\/div>\n\t\t<\/div>\n\t\t\t\t\t<\/div>\n\t\t<\/section>\n\t\t\t\t<\/div>\n\t\t","protected":false},"excerpt":{"rendered":"<p>Sobre o Projeto Durante os primeiros anos da educa\u00e7\u00e3o b\u00e1sica, os alunos encontram-se num processo de forma\u00e7\u00e3o b\u00e1sica de valores, atitudes e interesses com vista a um futuro no mundo do trabalho. Por isso, as equipas de professores e educadores devem ajudar as crian\u00e7as a desenvolver atitudes positivas em rela\u00e7\u00e3o ao trabalho, a ter orgulho [&hellip;]<\/p>\n","protected":false},"author":7,"featured_media":0,"parent":0,"menu_order":0,"comment_status":"closed","ping_status":"closed","template":"","meta":{"site-sidebar-layout":"no-sidebar","site-content-layout":"page-builder","ast-site-content-layout":"full-width-container","site-content-style":"default","site-sidebar-style":"default","ast-global-header-display":"","ast-banner-title-visibility":"","ast-main-header-display":"","ast-hfb-above-header-display":"","ast-hfb-below-header-display":"","ast-hfb-mobile-header-display":"","site-post-title":"disabled","ast-breadcrumbs-content":"","ast-featured-img":"disabled","footer-sml-layout":"","ast-disable-related-posts":"","theme-transparent-header-meta":"","adv-header-id-meta":"","stick-header-meta":"","header-above-stick-meta":"","header-main-stick-meta":"","header-below-stick-meta":"","astra-migrate-meta-layouts":"set","ast-page-background-enabled":"default","ast-page-background-meta":{"desktop":{"background-color":"","background-image":"","background-repeat":"repeat","background-position":"center center","background-size":"auto","background-attachment":"scroll","background-type":"","background-media":"","overlay-type":"","overlay-color":"","overlay-opacity":"","overlay-gradient":""},"tablet":{"background-color":"","background-image":"","background-repeat":"repeat","background-position":"center center","background-size":"auto","background-attachment":"scroll","background-type":"","background-media":"","overlay-type":"","overlay-color":"","overlay-opacity":"","overlay-gradient":""},"mobile":{"background-color":"","background-image":"","background-repeat":"repeat","background-position":"center center","background-size":"auto","background-attachment":"scroll","background-type":"","background-media":"","overlay-type":"","overlay-color":"","overlay-opacity":"","overlay-gradient":""}},"ast-content-background-meta":{"desktop":{"background-color":"var(--ast-global-color-5)","background-image":"","background-repeat":"repeat","background-position":"center center","background-size":"auto","background-attachment":"scroll","background-type":"","background-media":"","overlay-type":"","overlay-color":"","overlay-opacity":"","overlay-gradient":""},"tablet":{"background-color":"var(--ast-global-color-5)","background-image":"","background-repeat":"repeat","background-position":"center center","background-size":"auto","background-attachment":"scroll","background-type":"","background-media":"","overlay-type":"","overlay-color":"","overlay-opacity":"","overlay-gradient":""},"mobile":{"background-color":"var(--ast-global-color-5)","background-image":"","background-repeat":"repeat","background-position":"center center","background-size":"auto","background-attachment":"scroll","background-type":"","background-media":"","overlay-type":"","overlay-color":"","overlay-opacity":"","overlay-gradient":""}},"_themeisle_gutenberg_block_has_review":false,"footnotes":""},"class_list":["post-785","page","type-page","status-publish","hentry"],"_links":{"self":[{"href":"https:\/\/projetosdre.madeira.gov.pt\/preparandoomeufuturo\/wp-json\/wp\/v2\/pages\/785","targetHints":{"allow":["GET"]}}],"collection":[{"href":"https:\/\/projetosdre.madeira.gov.pt\/preparandoomeufuturo\/wp-json\/wp\/v2\/pages"}],"about":[{"href":"https:\/\/projetosdre.madeira.gov.pt\/preparandoomeufuturo\/wp-json\/wp\/v2\/types\/page"}],"author":[{"embeddable":true,"href":"https:\/\/projetosdre.madeira.gov.pt\/preparandoomeufuturo\/wp-json\/wp\/v2\/users\/7"}],"replies":[{"embeddable":true,"href":"https:\/\/projetosdre.madeira.gov.pt\/preparandoomeufuturo\/wp-json\/wp\/v2\/comments?post=785"}],"version-history":[{"count":4,"href":"https:\/\/projetosdre.madeira.gov.pt\/preparandoomeufuturo\/wp-json\/wp\/v2\/pages\/785\/revisions"}],"predecessor-version":[{"id":789,"href":"https:\/\/projetosdre.madeira.gov.pt\/preparandoomeufuturo\/wp-json\/wp\/v2\/pages\/785\/revisions\/789"}],"wp:attachment":[{"href":"https:\/\/projetosdre.madeira.gov.pt\/preparandoomeufuturo\/wp-json\/wp\/v2\/media?parent=785"}],"curies":[{"name":"wp","href":"https:\/\/api.w.org\/{rel}","templated":true}]}}